{"id":33810,"date":"2017-10-04T07:41:19","date_gmt":"2017-10-04T07:41:19","guid":{"rendered":"http:\/\/sintcon.de\/?page_id=33810"},"modified":"2026-03-27T09:49:10","modified_gmt":"2026-03-27T09:49:10","slug":"012-honorare-und-kosten","status":"publish","type":"page","link":"http:\/\/sintcon.de\/?page_id=33810","title":{"rendered":"012: Honorare und Kosten"},"content":{"rendered":"<h3><strong><span style=\"font-family: arial, helvetica, sans-serif;\">Episode 12: Honorare und Kosten<\/span><\/strong><\/h3>\n<p><span style=\"font-family: arial, helvetica, sans-serif;\">Wenn Sie sich als Trainer selbst\u00e4ndig machen, sind eine Reihe von \u00dcberlegungen und Entscheidungen wichtig. Einerseits sollte Sie sich \u00fcberlegen, welche Honorare ich erzielen kann. Gleichzeitig ist eine \u00dcbersicht\u00a0wichtig, welche Kosten Sie monatlich bzw. j\u00e4hrlich auf Sie zukommen.<\/span><\/p>\n<p><span style=\"font-family: arial, helvetica, sans-serif;\">Was es zu ber\u00fccksichtigen gilt, h\u00f6ren Sie im Podcast.<\/span><\/p>\n<p><a href=\"http:\/\/www.sintcon.de\/30JahreTrainer\/012HonorareundKosten.mp3\">Zum Podcast<\/a><\/p>\n","protected":false},"excerpt":{"rendered":"<p>Episode 12: Honorare und Kosten Wenn Sie sich als Trainer selbst\u00e4ndig machen, sind eine Reihe von \u00dcberlegungen und Entscheidungen wichtig. Einerseits sollte Sie sich \u00fcberlegen, welche Honorare ich erzielen kann. Gleichzeitig ist eine \u00dcbersicht\u00a0wichtig, welche Kosten Sie monatlich bzw. j\u00e4hrlich &hellip; <a href=\"http:\/\/sintcon.de\/?page_id=33810\">Weiterlesen <span class=\"meta-nav\">&rarr;<\/span><\/a><\/p>\n","protected":false},"author":1,"featured_media":0,"parent":33765,"menu_order":26,"comment_status":"closed","ping_status":"closed","template":"","meta":{"footnotes":""},"class_list":["post-33810","page","type-page","status-publish","hentry"],"_links":{"self":[{"href":"http:\/\/sintcon.de\/index.php?rest_route=\/wp\/v2\/pages\/33810","targetHints":{"allow":["GET"]}}],"collection":[{"href":"http:\/\/sintcon.de\/index.php?rest_route=\/wp\/v2\/pages"}],"about":[{"href":"http:\/\/sintcon.de\/index.php?rest_route=\/wp\/v2\/types\/page"}],"author":[{"embeddable":true,"href":"http:\/\/sintcon.de\/index.php?rest_route=\/wp\/v2\/users\/1"}],"replies":[{"embeddable":true,"href":"http:\/\/sintcon.de\/index.php?rest_route=%2Fwp%2Fv2%2Fcomments&post=33810"}],"version-history":[{"count":2,"href":"http:\/\/sintcon.de\/index.php?rest_route=\/wp\/v2\/pages\/33810\/revisions"}],"predecessor-version":[{"id":36594,"href":"http:\/\/sintcon.de\/index.php?rest_route=\/wp\/v2\/pages\/33810\/revisions\/36594"}],"up":[{"embeddable":true,"href":"http:\/\/sintcon.de\/index.php?rest_route=\/wp\/v2\/pages\/33765"}],"wp:attachment":[{"href":"http:\/\/sintcon.de\/index.php?rest_route=%2Fwp%2Fv2%2Fmedia&parent=33810"}],"curies":[{"name":"wp","href":"https:\/\/api.w.org\/{rel}","templated":true}]}}