{"id":33838,"date":"2017-10-26T07:30:58","date_gmt":"2017-10-26T07:30:58","guid":{"rendered":"http:\/\/sintcon.de\/?page_id=33838"},"modified":"2026-03-27T10:09:05","modified_gmt":"2026-03-27T10:09:05","slug":"026-social-media-aktivitaeten","status":"publish","type":"page","link":"http:\/\/sintcon.de\/?page_id=33838","title":{"rendered":"026: Social Media Aktivit\u00e4ten"},"content":{"rendered":"<p><strong><span style=\"font-family: arial, helvetica, sans-serif;\">Episode 026: Social Media Aktivit\u00e4ten<\/span><\/strong><\/p>\n<p><span style=\"font-family: arial, helvetica, sans-serif;\">Als Trainer, Berater und Coach k\u00f6nnen wir viel Zeit mit Social Media Aktivit\u00e4ten verschwenden. Deshalb ist genau zu \u00fcberlegen, in welchen Social Media Sie aktiv werden wollen und was genau Sie dort mitteilen m\u00f6chten.<\/span><br \/>\n<span style=\"font-family: arial, helvetica, sans-serif;\"> Der Podcast beantwortet einige Fragen dazu.<\/span><\/p>\n<p><a href=\"http:\/\/www.sintcon.de\/30JahreTrainer\/026SocialMediaAktivitaeten30JahreTrainer.mp3\">Zum Podcast<\/a><\/p>\n","protected":false},"excerpt":{"rendered":"<p>Episode 026: Social Media Aktivit\u00e4ten Als Trainer, Berater und Coach k\u00f6nnen wir viel Zeit mit Social Media Aktivit\u00e4ten verschwenden. Deshalb ist genau zu \u00fcberlegen, in welchen Social Media Sie aktiv werden wollen und was genau Sie dort mitteilen m\u00f6chten. Der &hellip; <a href=\"http:\/\/sintcon.de\/?page_id=33838\">Weiterlesen <span class=\"meta-nav\">&rarr;<\/span><\/a><\/p>\n","protected":false},"author":1,"featured_media":0,"parent":0,"menu_order":12,"comment_status":"closed","ping_status":"closed","template":"","meta":{"footnotes":""},"class_list":["post-33838","page","type-page","status-publish","hentry"],"_links":{"self":[{"href":"http:\/\/sintcon.de\/index.php?rest_route=\/wp\/v2\/pages\/33838","targetHints":{"allow":["GET"]}}],"collection":[{"href":"http:\/\/sintcon.de\/index.php?rest_route=\/wp\/v2\/pages"}],"about":[{"href":"http:\/\/sintcon.de\/index.php?rest_route=\/wp\/v2\/types\/page"}],"author":[{"embeddable":true,"href":"http:\/\/sintcon.de\/index.php?rest_route=\/wp\/v2\/users\/1"}],"replies":[{"embeddable":true,"href":"http:\/\/sintcon.de\/index.php?rest_route=%2Fwp%2Fv2%2Fcomments&post=33838"}],"version-history":[{"count":4,"href":"http:\/\/sintcon.de\/index.php?rest_route=\/wp\/v2\/pages\/33838\/revisions"}],"predecessor-version":[{"id":36611,"href":"http:\/\/sintcon.de\/index.php?rest_route=\/wp\/v2\/pages\/33838\/revisions\/36611"}],"wp:attachment":[{"href":"http:\/\/sintcon.de\/index.php?rest_route=%2Fwp%2Fv2%2Fmedia&parent=33838"}],"curies":[{"name":"wp","href":"https:\/\/api.w.org\/{rel}","templated":true}]}}