{"id":34779,"date":"2018-05-17T05:51:58","date_gmt":"2018-05-17T05:51:58","guid":{"rendered":"http:\/\/sintcon.de\/?page_id=34779"},"modified":"2026-03-24T10:25:23","modified_gmt":"2026-03-24T10:25:23","slug":"039-umgang-mit-seminarkonflikten","status":"publish","type":"page","link":"http:\/\/sintcon.de\/?page_id=34779","title":{"rendered":"039: Umgang mit Seminarkonflikten"},"content":{"rendered":"<p><strong><span style=\"font-family: arial, helvetica, sans-serif;\">Episode 39: Umgang mit Seminarkonflikten<\/span><\/strong><\/p>\n<p><span style=\"font-family: arial, helvetica, sans-serif;\">Seminarkonflikte bleiben manchmal nicht aus. Es k\u00f6nnen Konflikte von Teilnehmern untereinander sein, Konflikte gegen\u00fcber den Trainer oder &#8222;falsche Gruppe, falsches Thema, falscher Ort, falscher Trainer&#8220;.<br \/>\nAlles Situationen sind f\u00fcr alle Beteiligten nicht sonderlich angenehm. Was der Hintergrund f\u00fcr diese Konflikte ist und wie sie aufgel\u00f6st werden k\u00f6nnen, erfahren Sie im Podcast.<\/span><\/p>\n<p><a href=\"http:\/\/www.sintcon.de\/30JahreTrainer\/039UmgangmitSeminarkonflikten30Jahre.mp3\">Zum Podcast<\/a><\/p>\n","protected":false},"excerpt":{"rendered":"<p>Episode 39: Umgang mit Seminarkonflikten Seminarkonflikte bleiben manchmal nicht aus. Es k\u00f6nnen Konflikte von Teilnehmern untereinander sein, Konflikte gegen\u00fcber den Trainer oder &#8222;falsche Gruppe, falsches Thema, falscher Ort, falscher Trainer&#8220;. Alles Situationen sind f\u00fcr alle Beteiligten nicht sonderlich angenehm. Was &hellip; <a href=\"http:\/\/sintcon.de\/?page_id=34779\">Weiterlesen <span class=\"meta-nav\">&rarr;<\/span><\/a><\/p>\n","protected":false},"author":1,"featured_media":0,"parent":0,"menu_order":0,"comment_status":"closed","ping_status":"closed","template":"","meta":{"footnotes":""},"class_list":["post-34779","page","type-page","status-publish","hentry"],"_links":{"self":[{"href":"http:\/\/sintcon.de\/index.php?rest_route=\/wp\/v2\/pages\/34779","targetHints":{"allow":["GET"]}}],"collection":[{"href":"http:\/\/sintcon.de\/index.php?rest_route=\/wp\/v2\/pages"}],"about":[{"href":"http:\/\/sintcon.de\/index.php?rest_route=\/wp\/v2\/types\/page"}],"author":[{"embeddable":true,"href":"http:\/\/sintcon.de\/index.php?rest_route=\/wp\/v2\/users\/1"}],"replies":[{"embeddable":true,"href":"http:\/\/sintcon.de\/index.php?rest_route=%2Fwp%2Fv2%2Fcomments&post=34779"}],"version-history":[{"count":4,"href":"http:\/\/sintcon.de\/index.php?rest_route=\/wp\/v2\/pages\/34779\/revisions"}],"predecessor-version":[{"id":36574,"href":"http:\/\/sintcon.de\/index.php?rest_route=\/wp\/v2\/pages\/34779\/revisions\/36574"}],"wp:attachment":[{"href":"http:\/\/sintcon.de\/index.php?rest_route=%2Fwp%2Fv2%2Fmedia&parent=34779"}],"curies":[{"name":"wp","href":"https:\/\/api.w.org\/{rel}","templated":true}]}}