{"id":35573,"date":"2019-12-08T12:14:43","date_gmt":"2019-12-08T12:14:43","guid":{"rendered":"http:\/\/sintcon.de\/?page_id=35573"},"modified":"2020-07-07T15:28:38","modified_gmt":"2020-07-07T15:28:38","slug":"happyhourpermanentwebinare-info","status":"publish","type":"page","link":"http:\/\/sintcon.de\/?page_id=35573","title":{"rendered":"HappyHourPermanentWebinare Info"},"content":{"rendered":"<h3><span style=\"font-family: arial, helvetica, sans-serif; font-size: 14pt;\"><strong>Herzlich willkommen\u00a0<\/strong><\/span><\/h3>\n<p><span style=\"font-family: arial, helvetica, sans-serif;\">Was ist ein HappyHourPermanentWebinar?<\/span><\/p>\n<p><img loading=\"lazy\" decoding=\"async\" class=\"alignnone size-full wp-image-18641\" src=\"http:\/\/sintcon.de\/wp-content\/uploads\/2017\/01\/HappyHourLogo-ohne-Worte-256.jpg\" alt=\"\" width=\"256\" height=\"192\" \/><\/p>\n<p><span style=\"font-family: arial, helvetica, sans-serif;\">Es ist eine WebSeminaraufzeichnung (kein LivewebSeminar), das wir exklusiv f\u00fcr Sie erstellt haben.<\/span><br \/>\n<span style=\"font-family: arial, helvetica, sans-serif;\"> Der Vorteil des PermanentWebinars ist, dass Sie sofort daran teilnehmen k\u00f6nnen, ob auf dem PC, Tablet oder Smartphone; auch unabh\u00e4ngig von der Tageszeit und vom Ort.<\/span><br \/>\n<span style=\"font-family: arial, helvetica, sans-serif;\"> Entstanden sind die HHPW\u00b4s auf der w\u00f6chentlichen HappyHourWebinarreihe. Da viele Teilnehmer oft nicht am WebSeminar teilnehmen konnten, wurden von uns die HappyHourPermanentWebinare\u00a0kreiiert.<\/span><\/p>\n<p><span style=\"font-family: arial, helvetica, sans-serif;\">Die HappyHourPermanentWebinare sind die konsequente Weiterentwicklung unserer HappyHourWebinare. Wir bieten Sie Ihnen exklusive als Video und als Podcast an.<\/span><\/p>\n<p><strong><span style=\"font-family: arial, helvetica, sans-serif;\">Die vorhandenen HHPW\u00b4s\u00a0<\/span><\/strong><\/p>\n<ol>\n<li><span style=\"font-family: arial, helvetica, sans-serif;\">Die Tricks der Eink\u00e4ufer<\/span><\/li>\n<li><span style=\"font-family: arial, helvetica, sans-serif;\">Kundentypen nach Miller \/Heiman<\/span><\/li>\n<li><span style=\"font-family: arial, helvetica, sans-serif;\">Fragetechnik im Verkauf<\/span><\/li>\n<li><span style=\"font-family: arial, helvetica, sans-serif;\">Fragetechnik nach Miller\/Heiman<\/span><\/li>\n<li><span style=\"font-family: arial, helvetica, sans-serif;\">Aus dem Stegreif immer antworten k\u00f6nnen<\/span><\/li>\n<li><span style=\"font-family: arial, helvetica, sans-serif;\">Coaching Online &#8211; Wie geht das?<\/span><\/li>\n<li><span style=\"font-family: arial, helvetica, sans-serif;\">Dramaturgie in Pr\u00e4sentationen<\/span><\/li>\n<li><span style=\"font-family: arial, helvetica, sans-serif;\">In 3 Schritten zum eigenen Webinar<\/span><\/li>\n<li><span style=\"font-family: arial, helvetica, sans-serif;\">In 3 Schritten zum Podcast<\/span><\/li>\n<li><span style=\"font-family: arial, helvetica, sans-serif;\">Kooperatives Schreiben<\/span><\/li>\n<li><span style=\"font-family: arial, helvetica, sans-serif;\">Kundengerechte Ansprache mit DISG<\/span><\/li>\n<li><span style=\"font-family: arial, helvetica, sans-serif;\">Mindmapping mit Mind42<\/span><\/li>\n<li><span style=\"font-family: arial, helvetica, sans-serif;\">Mit WebSeminaren bei Kunden punkten<\/span><\/li>\n<li><span style=\"font-family: arial, helvetica, sans-serif;\">Mit WebSeminaren Seminare unterst\u00fctzen<\/span><\/li>\n<li><span style=\"font-family: arial, helvetica, sans-serif;\">NLP1: Geheimnis der Augenmuster<\/span><\/li>\n<li><span style=\"font-family: arial, helvetica, sans-serif;\">NLP 2: Mit Sprache verzaubern<\/span><\/li>\n<li><span style=\"font-family: arial, helvetica, sans-serif;\">NLP 3: Pacing and Leading<\/span><\/li>\n<li><span style=\"font-family: arial, helvetica, sans-serif;\">NLP 4: Das Disney-Modell<\/span><\/li>\n<li><span style=\"font-family: arial, helvetica, sans-serif;\">NLP 5: Das Meta-Modell<\/span><\/li>\n<li><span style=\"font-family: arial, helvetica, sans-serif;\">NLP 6: Der Zielsetzungsprozess<\/span><\/li>\n<li><span style=\"font-family: arial, helvetica, sans-serif;\">NLP 7: Die Grundannahmen des NLP<\/span><\/li>\n<li><span style=\"font-family: arial, helvetica, sans-serif;\">Schlagfertigkeit<\/span><\/li>\n<li><span style=\"font-family: arial, helvetica, sans-serif;\">Telefonkonferenzen professionell durchf\u00fchren<\/span><\/li>\n<li><span style=\"font-family: arial, helvetica, sans-serif;\">Von der Idee zum Sachbuch<\/span><\/li>\n<\/ol>\n<p><span style=\"font-family: arial, helvetica, sans-serif;\">Weitere Themen sind in Vorbereitung.<\/span><\/p>\n<p>Wenn eines oder mehrerer dieser Themen Sie anspricht, dann tragen Sie sich bitte hier unten ein. Sie bekommen den exklusiven und kostenfreien Zugang zu den HappyHourPermanentWebinaren.<br \/>\nWeiterhin informieren wir Sie \u00fcber neue HHPW\u00b4s.<\/p>\n<p><strong>Hier melden Sie sich f\u00fcr Ihren exklusiven und kostenfreien Zugang zu den HappyHourPermanentWebinaren an:<\/strong><\/p>\n<p>[ds_signup button_bg=&#8220;#2196F3&#8243; button_fg=&#8220;#FFFFFF&#8220; button_radius=0 button_text=&#8220;Anmelden&#8220; product=&#8220;4&#8243; type=widget first_name last_name]<\/p>\n<p>Bitte schauen Sie in Ihrem Posteingang und\/oder Ihrem Spam-Ordner nach, da Sie eine automatisch generierte Mail erhalten. Bitte best\u00e4tigen Sie Ihre Mail.<\/p>\n<p><strong>Ihr Login<\/strong><\/p>\n<p>[ds_login button_bg=&#8220;#2196F3&#8243; button_fg=&#8220;#FFFFFF&#8220; button_radius=0 button_text=&#8220;Anmelden&#8220; type=widget dialog_headline=&#8220;Anmelden&#8220; style=modern]<\/p>\n","protected":false},"excerpt":{"rendered":"<p>Herzlich willkommen\u00a0 Was ist ein HappyHourPermanentWebinar? Es ist eine WebSeminaraufzeichnung (kein LivewebSeminar), das wir exklusiv f\u00fcr Sie erstellt haben. Der Vorteil des PermanentWebinars ist, dass Sie sofort daran teilnehmen k\u00f6nnen, ob auf dem PC, Tablet oder Smartphone; auch unabh\u00e4ngig von &hellip; <a href=\"http:\/\/sintcon.de\/?page_id=35573\">Weiterlesen <span class=\"meta-nav\">&rarr;<\/span><\/a><\/p>\n","protected":false},"author":1,"featured_media":0,"parent":0,"menu_order":0,"comment_status":"closed","ping_status":"closed","template":"","meta":{"footnotes":""},"class_list":["post-35573","page","type-page","status-publish","hentry"],"_links":{"self":[{"href":"http:\/\/sintcon.de\/index.php?rest_route=\/wp\/v2\/pages\/35573","targetHints":{"allow":["GET"]}}],"collection":[{"href":"http:\/\/sintcon.de\/index.php?rest_route=\/wp\/v2\/pages"}],"about":[{"href":"http:\/\/sintcon.de\/index.php?rest_route=\/wp\/v2\/types\/page"}],"author":[{"embeddable":true,"href":"http:\/\/sintcon.de\/index.php?rest_route=\/wp\/v2\/users\/1"}],"replies":[{"embeddable":true,"href":"http:\/\/sintcon.de\/index.php?rest_route=%2Fwp%2Fv2%2Fcomments&post=35573"}],"version-history":[{"count":12,"href":"http:\/\/sintcon.de\/index.php?rest_route=\/wp\/v2\/pages\/35573\/revisions"}],"predecessor-version":[{"id":36417,"href":"http:\/\/sintcon.de\/index.php?rest_route=\/wp\/v2\/pages\/35573\/revisions\/36417"}],"wp:attachment":[{"href":"http:\/\/sintcon.de\/index.php?rest_route=%2Fwp%2Fv2%2Fmedia&parent=35573"}],"curies":[{"name":"wp","href":"https:\/\/api.w.org\/{rel}","templated":true}]}}