{"id":36440,"date":"2021-03-31T12:16:45","date_gmt":"2021-03-31T12:16:45","guid":{"rendered":"http:\/\/sintcon.de\/?page_id=36440"},"modified":"2026-03-24T10:26:40","modified_gmt":"2026-03-24T10:26:40","slug":"41-wie-wir-als-trainer-zum-thema-home-office-aktiv-werden-koennen","status":"publish","type":"page","link":"http:\/\/sintcon.de\/?page_id=36440","title":{"rendered":"41 Wie wir als Trainer zum Thema Home-Office aktiv werden k\u00f6nnen"},"content":{"rendered":"<p><span style=\"font-family: arial, helvetica, sans-serif; font-size: 14pt;\">41 Wie wir als Trainer zum Thema Home-Office aktiv werden k\u00f6nnen<\/span><\/p>\n<p><span style=\"font-family: arial, helvetica, sans-serif;\">Durch Corona erf\u00e4hrt das Home-Office einen ganz neuen Schub.<br \/>\nWas wir als Trainer jetzt zu diesem Thema trainieren k\u00f6nnen, zeigt der Podcast.<\/span><\/p>\n<p><a href=\"http:\/\/www.sintcon.de\/30JahreTrainer\/41WiewiralsdigitalerTrainerzumThemaHomeOfficeaktivwerdenkoennen.mp3\">Zum Podcast<\/a><\/p>\n","protected":false},"excerpt":{"rendered":"<p>41 Wie wir als Trainer zum Thema Home-Office aktiv werden k\u00f6nnen Durch Corona erf\u00e4hrt das Home-Office einen ganz neuen Schub. Was wir als Trainer jetzt zu diesem Thema trainieren k\u00f6nnen, zeigt der Podcast. Zum Podcast<\/p>\n","protected":false},"author":1,"featured_media":0,"parent":33765,"menu_order":0,"comment_status":"closed","ping_status":"closed","template":"","meta":{"footnotes":""},"class_list":["post-36440","page","type-page","status-publish","hentry"],"_links":{"self":[{"href":"http:\/\/sintcon.de\/index.php?rest_route=\/wp\/v2\/pages\/36440","targetHints":{"allow":["GET"]}}],"collection":[{"href":"http:\/\/sintcon.de\/index.php?rest_route=\/wp\/v2\/pages"}],"about":[{"href":"http:\/\/sintcon.de\/index.php?rest_route=\/wp\/v2\/types\/page"}],"author":[{"embeddable":true,"href":"http:\/\/sintcon.de\/index.php?rest_route=\/wp\/v2\/users\/1"}],"replies":[{"embeddable":true,"href":"http:\/\/sintcon.de\/index.php?rest_route=%2Fwp%2Fv2%2Fcomments&post=36440"}],"version-history":[{"count":2,"href":"http:\/\/sintcon.de\/index.php?rest_route=\/wp\/v2\/pages\/36440\/revisions"}],"predecessor-version":[{"id":36575,"href":"http:\/\/sintcon.de\/index.php?rest_route=\/wp\/v2\/pages\/36440\/revisions\/36575"}],"up":[{"embeddable":true,"href":"http:\/\/sintcon.de\/index.php?rest_route=\/wp\/v2\/pages\/33765"}],"wp:attachment":[{"href":"http:\/\/sintcon.de\/index.php?rest_route=%2Fwp%2Fv2%2Fmedia&parent=36440"}],"curies":[{"name":"wp","href":"https:\/\/api.w.org\/{rel}","templated":true}]}}